{"id":4491,"date":"2009-09-08T16:33:06","date_gmt":"2009-09-08T16:33:06","guid":{"rendered":"https:\/\/dev.caligari-entertainment.de\/?page_id=4491"},"modified":"2025-11-21T01:05:19","modified_gmt":"2025-11-21T00:05:19","slug":"about","status":"publish","type":"page","link":"https:\/\/www.caligari-entertainment.de\/?page_id=4491","title":{"rendered":"About"},"content":{"rendered":"\t\t<div data-elementor-type=\"wp-page\" data-elementor-id=\"4491\" class=\"elementor elementor-4491\">\n\t\t\t\t<div class=\"elementor-element elementor-element-fa2c98b e-flex e-con-boxed e-con e-parent\" data-id=\"fa2c98b\" data-element_type=\"container\" data-e-type=\"container\" data-settings=\"{&quot;background_background&quot;:&quot;classic&quot;}\">\n\t\t\t\t\t<div class=\"e-con-inner\">\n\t\t\t\t<div class=\"elementor-element elementor-element-b46cb03 elementor-widget elementor-widget-slider_revolution\" data-id=\"b46cb03\" data-element_type=\"widget\" data-e-type=\"widget\" data-widget_type=\"slider_revolution.default\">\n\t\t\t\t<div class=\"elementor-widget-container\">\n\t\t\t\t\t<div class=\"wp-block-themepunch-revslider revslider\">\n\t\t\t\t<p class=\"rs-p-wp-fix\"><\/p>\n\t\t\t\t<sr7-module data-alias=\"slider-projekt-1\" data-id=\"7\" id=\"SR7_7_1\" class=\"rs-respect-topbar\" data-version=\"7.0.6\">\n\t\t\t\t\t<sr7-adjuster><\/sr7-adjuster>\n\t\t\t\t\t<sr7-content>\n\t\t\t\t\t\t<sr7-slide id=\"SR7_7_1-15\" data-key=\"15\">\n\t\t\t\t\t\t\t<sr7-txt id=\"SR7_7_1-15-0\" class=\"sr7-layer\">\u00dcBER UNS<\/sr7-txt>\n\t\t\t\t\t\t<\/sr7-slide>\n\t\t\t\t\t\t<sr7-slide id=\"SR7_7_1-16\" data-key=\"16\">\n\t\t\t\t\t\t<\/sr7-slide>\n\t\t\t\t\t<\/sr7-content>\n\t\t\t\t<\/sr7-module>\n\t\t\t\t<script>\n\t\t\t\t\twindow.SR7??={}; SR7.PMH ??={}; SR7.PMH[\"SR7_7_1\"] = {cn:100,state:false,fn: function() { if (window._tpt!==undefined && window._tpt.prepareModuleHeight !== undefined) {  _tpt.prepareModuleHeight({id:\"SR7_7_1\",el:[300,300,480,960,280],type:'hero',gh:[300,300,300,200,200],gw:[1240,1240,1024,778,480],vpt:['-100px&#039;,&#039;-100px&#039;,&#039;-100px&#039;,&#039;-100px&#039;,&#039;-100px'],size:{fullWidth:true, fullHeight:false},mh:'0',onh:0,onw:0,bg:{color:'{\"orig\":\"transparent\",\"type\":\"solid\",\"string\":\"transparent\"}'}});   SR7.PMH[\"SR7_7_1\"].state=true;} else if(SR7.PMH[\"SR7_7_1\"].cn-->0)\tsetTimeout( SR7.PMH[\"SR7_7_1\"].fn,19);}};SR7.PMH[\"SR7_7_1\" ].fn();\n\t\t\t\t<\/script>\n<\/div>\t\t\t\t<\/div>\n\t\t\t\t<\/div>\n\t\t\t\t\t<\/div>\n\t\t\t\t<\/div>\n\t\t\t\t<section class=\"elementor-section elementor-top-section elementor-element elementor-element-4986c711 elementor-section-boxed elementor-section-height-default elementor-section-height-default\" data-id=\"4986c711\" data-element_type=\"section\" data-e-type=\"section\" data-settings=\"{&quot;background_background&quot;:&quot;classic&quot;}\">\n\t\t\t\t\t\t<div class=\"elementor-container elementor-column-gap-no\">\n\t\t\t\t\t<div class=\"elementor-column elementor-col-100 elementor-top-column elementor-element elementor-element-3f48e975\" data-id=\"3f48e975\" data-element_type=\"column\" data-e-type=\"column\">\n\t\t\t<div class=\"elementor-widget-wrap elementor-element-populated\">\n\t\t\t\t\t\t<div class=\"elementor-element elementor-element-476f6ef elementor-widget elementor-widget-text-editor\" data-id=\"476f6ef\" data-element_type=\"widget\" data-e-type=\"widget\" data-widget_type=\"text-editor.default\">\n\t\t\t\t<div class=\"elementor-widget-container\">\n\t\t\t\t\t\t\t\t\t<h1 data-pm-slice=\"1 1 []\">Caligari Entertainment GmbH<\/h1><h2>Hochwertige Dokumentationen &amp; Factual Entertainment seit 1999<\/h2><p>Die <strong>Caligari Entertainment GmbH<\/strong> wurde 1999 in K\u00f6ln als Tochterfirma der <a href=\"https:\/\/www.caligari.film\/\" target=\"_blank\" rel=\"noopener\"><strong>Caligari Film- und Fernsehproduktions GmbH<\/strong><\/a> von <strong>Gabriele M. Walther<\/strong> gegr\u00fcndet. Seither hat sich das Unternehmen als eine der f\u00fchrenden unabh\u00e4ngigen Produktionsfirmen im Bereich <strong>Dokumentationen<\/strong> und <strong>Factual Entertainment<\/strong> etabliert.<\/p><p>Seit Gr\u00fcndung hat das Unternehmen mehr als <strong>100 hochwertige Dokumentarfilme und Serien<\/strong> \u2013 vielfach preisgekr\u00f6nt produziert ; darunter<\/p><ul data-spread=\"false\"><li style=\"list-style-type: none;\"><ul><li>Deutscher Fernsehpreis \u00a0<\/li><li>Grimme Preis Nominierung \u00a02005 und 2020<\/li><li>Banff World Television Award<\/li><li>Mostra Internationale del Cinema Sociale<\/li><li>International Archeological Filmfestival Rovereto Nominee<\/li><li>Robert-Geissend\u00f6rfer-Preis \u00a0<\/li><li>Young Audience Award \u00a0<\/li><li>Silbersalz Science Award Nominierung \u00a0<\/li><\/ul><\/li><\/ul><p>Dar\u00fcber hinaus produziert <strong>Caligari Entertainment GmbH<\/strong> Primetime-Dokumentationen f\u00fcr den nationalen und internationalen Markt \u2013 unter anderem f\u00fcr <strong>ARD-Wissen<\/strong>, <strong>ARTE Abenteuer Menschheit<\/strong> und die <strong>ZDF-Dachmarke Terra X<\/strong>.<\/p><p>Im Januar 2025 verlegte das Unternehmen seinen Sitz von <strong>K\u00f6ln nach M\u00fcnchen<\/strong> (Schwanthaler Stra\u00dfe 76) und begr\u00fc\u00dfte <strong>Roman Linke<\/strong> von <a href=\"https:\/\/boavideo.de\" target=\"_blank\" rel=\"noopener\"><strong>B.O.A. Videofilmkunst<\/strong><\/a> als neuen Co-Gesellschafter und Gesch\u00e4ftsf\u00fchrer.<\/p>\t\t\t\t\t\t\t\t<\/div>\n\t\t\t\t<\/div>\n\t\t<div class=\"elementor-element elementor-element-c415b66 e-flex e-con-boxed e-con e-parent\" data-id=\"c415b66\" data-element_type=\"container\" data-e-type=\"container\">\n\t\t\t\t\t<div class=\"e-con-inner\">\n\t\t\t\t\t<\/div>\n\t\t\t\t<\/div>\n\t\t\t\t\t<\/div>\n\t\t<\/div>\n\t\t\t\t\t<\/div>\n\t\t<\/section>\n\t\t\t\t<section class=\"elementor-section elementor-top-section elementor-element elementor-element-c2cf715 elementor-section-boxed elementor-section-height-default elementor-section-height-default\" data-id=\"c2cf715\" data-element_type=\"section\" data-e-type=\"section\" data-settings=\"{&quot;background_background&quot;:&quot;classic&quot;}\">\n\t\t\t\t\t\t<div class=\"elementor-container elementor-column-gap-no\">\n\t\t\t\t\t<div class=\"elementor-column elementor-col-100 elementor-top-column elementor-element elementor-element-797c7ee\" data-id=\"797c7ee\" data-element_type=\"column\" data-e-type=\"column\">\n\t\t\t<div class=\"elementor-widget-wrap elementor-element-populated\">\n\t\t\t\t\t\t<div class=\"elementor-element elementor-element-64ac888 elementor-widget elementor-widget-heading\" data-id=\"64ac888\" data-element_type=\"widget\" data-e-type=\"widget\" data-widget_type=\"heading.default\">\n\t\t\t\t<div class=\"elementor-widget-container\">\n\t\t\t\t\t<h2 class=\"elementor-heading-title elementor-size-default\">Unser team<\/h2>\t\t\t\t<\/div>\n\t\t\t\t<\/div>\n\t\t\t\t\t<\/div>\n\t\t<\/div>\n\t\t\t\t\t<\/div>\n\t\t<\/section>\n\t\t\t\t<section class=\"elementor-section elementor-top-section elementor-element elementor-element-3fb8ecf6 elementor-section-boxed elementor-section-height-default elementor-section-height-default\" data-id=\"3fb8ecf6\" data-element_type=\"section\" data-e-type=\"section\" data-settings=\"{&quot;background_background&quot;:&quot;classic&quot;}\">\n\t\t\t\t\t\t<div class=\"elementor-container elementor-column-gap-custom\">\n\t\t\t\t\t<div class=\"elementor-column elementor-col-33 elementor-top-column elementor-element elementor-element-142cbfa6\" data-id=\"142cbfa6\" data-element_type=\"column\" data-e-type=\"column\">\n\t\t\t<div class=\"elementor-widget-wrap elementor-element-populated\">\n\t\t\t\t\t\t<div class=\"elementor-element elementor-element-56a60466 elementor-widget elementor-widget-wpzoom-elementor-addons-team-members\" data-id=\"56a60466\" data-element_type=\"widget\" data-e-type=\"widget\" data-widget_type=\"wpzoom-elementor-addons-team-members.default\">\n\t\t\t\t<div class=\"elementor-widget-container\">\n\t\t\t\t\t\n\t\t\t\t\t<figure class=\"wpz-member-figure\">\n\t\t\t\t<img fetchpriority=\"high\" decoding=\"async\" width=\"850\" height=\"850\" src=\"https:\/\/www.caligari-entertainment.de\/wp-content\/uploads\/2025\/04\/IMG_0124_x2.jpg\" class=\"elementor-animation-disable-animation attachment-large size-large wp-image-7019\" alt=\"\" srcset=\"https:\/\/www.caligari-entertainment.de\/wp-content\/uploads\/2025\/04\/IMG_0124_x2.jpg 850w, https:\/\/www.caligari-entertainment.de\/wp-content\/uploads\/2025\/04\/IMG_0124_x2-300x300.jpg 300w, https:\/\/www.caligari-entertainment.de\/wp-content\/uploads\/2025\/04\/IMG_0124_x2-150x150.jpg 150w, https:\/\/www.caligari-entertainment.de\/wp-content\/uploads\/2025\/04\/IMG_0124_x2-768x768.jpg 768w, https:\/\/www.caligari-entertainment.de\/wp-content\/uploads\/2025\/04\/IMG_0124_x2-280x280.jpg 280w, https:\/\/www.caligari-entertainment.de\/wp-content\/uploads\/2025\/04\/IMG_0124_x2-560x560.jpg 560w, https:\/\/www.caligari-entertainment.de\/wp-content\/uploads\/2025\/04\/IMG_0124_x2-600x600.jpg 600w, https:\/\/www.caligari-entertainment.de\/wp-content\/uploads\/2025\/04\/IMG_0124_x2-800x800.jpg 800w\" sizes=\"(max-width: 850px) 100vw, 850px\" \/>\t\t\t<\/figure>\n\t\t\n\t\t<div class=\"wpz-member-body\">\n\t\t\t<h2 class=\"wpz-member-name\">Roman Linke<\/h2>\n\t\t\t\t\t\t\t<div class=\"wpz-member-position\">Gesch\u00e4ftsleitung<\/div>\n\t\t\t\n\t\t\t\n\t\t\t\n\t\t\t\t\t\t\t<div class=\"wpz-member-links\">\n\t\t\t\t\t<a target=\"_blank\" rel=\"noopener\" href=\"mailto:r&#046;l&#105;n&#107;&#101;&#064;c&#097;&#108;i&#103;ar&#105;&#045;&#101;nt&#101;&#114;&#116;ainm&#101;&#110;&#116;&#046;&#100;e\" class=\"elementor-repeater-item-46b7917\"><i class=\"fa-envelope fab\" aria-hidden=\"true\"><\/i><\/a>\t\t\t\t<\/div>\n\t\t\t\n\t\t\t\t\t<\/div>\n\t\t\t\t\t\t<\/div>\n\t\t\t\t<\/div>\n\t\t\t\t\t<\/div>\n\t\t<\/div>\n\t\t\t\t<div class=\"elementor-column elementor-col-33 elementor-top-column elementor-element elementor-element-d3286a8\" data-id=\"d3286a8\" data-element_type=\"column\" data-e-type=\"column\">\n\t\t\t<div class=\"elementor-widget-wrap elementor-element-populated\">\n\t\t\t\t\t\t<div class=\"elementor-element elementor-element-29ac9a91 elementor-widget elementor-widget-wpzoom-elementor-addons-team-members\" data-id=\"29ac9a91\" data-element_type=\"widget\" data-e-type=\"widget\" data-widget_type=\"wpzoom-elementor-addons-team-members.default\">\n\t\t\t\t<div class=\"elementor-widget-container\">\n\t\t\t\t\t\n\t\t\t\t\t<figure class=\"wpz-member-figure\">\n\t\t\t\t<img decoding=\"async\" width=\"850\" height=\"850\" src=\"https:\/\/www.caligari-entertainment.de\/wp-content\/uploads\/2025\/04\/IMG_0323cp_x2.jpg\" class=\"elementor-animation-disable-animation attachment-large size-large wp-image-7017\" alt=\"\" srcset=\"https:\/\/www.caligari-entertainment.de\/wp-content\/uploads\/2025\/04\/IMG_0323cp_x2.jpg 850w, https:\/\/www.caligari-entertainment.de\/wp-content\/uploads\/2025\/04\/IMG_0323cp_x2-300x300.jpg 300w, https:\/\/www.caligari-entertainment.de\/wp-content\/uploads\/2025\/04\/IMG_0323cp_x2-150x150.jpg 150w, https:\/\/www.caligari-entertainment.de\/wp-content\/uploads\/2025\/04\/IMG_0323cp_x2-768x768.jpg 768w, https:\/\/www.caligari-entertainment.de\/wp-content\/uploads\/2025\/04\/IMG_0323cp_x2-280x280.jpg 280w, https:\/\/www.caligari-entertainment.de\/wp-content\/uploads\/2025\/04\/IMG_0323cp_x2-560x560.jpg 560w, https:\/\/www.caligari-entertainment.de\/wp-content\/uploads\/2025\/04\/IMG_0323cp_x2-600x600.jpg 600w, https:\/\/www.caligari-entertainment.de\/wp-content\/uploads\/2025\/04\/IMG_0323cp_x2-800x800.jpg 800w\" sizes=\"(max-width: 850px) 100vw, 850px\" \/>\t\t\t<\/figure>\n\t\t\n\t\t<div class=\"wpz-member-body\">\n\t\t\t<h2 class=\"wpz-member-name\">Stefanie Schollmeier<\/h2>\n\t\t\t\t\t\t\t<div class=\"wpz-member-position\">Produktionsleitung<\/div>\n\t\t\t\n\t\t\t\n\t\t\t\n\t\t\t\t\t\t\t<div class=\"wpz-member-links\">\n\t\t\t\t\t<a target=\"_blank\" rel=\"noopener\" href=\"mailto:s.&#115;c&#104;&#111;&#108;&#108;m&#101;&#105;e&#114;&#064;&#099;a&#108;i&#103;ar&#105;&#045;&#101;nter&#116;&#097;i&#110;&#109;ent&#046;&#100;e\" class=\"elementor-repeater-item-2042836\"><i class=\"fa-envelope fab\" aria-hidden=\"true\"><\/i><\/a>\t\t\t\t<\/div>\n\t\t\t\n\t\t\t\t\t<\/div>\n\t\t\t\t\t\t<\/div>\n\t\t\t\t<\/div>\n\t\t\t\t\t<\/div>\n\t\t<\/div>\n\t\t\t\t<div class=\"elementor-column elementor-col-33 elementor-top-column elementor-element elementor-element-7d16b68e\" data-id=\"7d16b68e\" data-element_type=\"column\" data-e-type=\"column\">\n\t\t\t<div class=\"elementor-widget-wrap elementor-element-populated\">\n\t\t\t\t\t\t<div class=\"elementor-element elementor-element-df72109 elementor-widget elementor-widget-wpzoom-elementor-addons-team-members\" data-id=\"df72109\" data-element_type=\"widget\" data-e-type=\"widget\" data-widget_type=\"wpzoom-elementor-addons-team-members.default\">\n\t\t\t\t<div class=\"elementor-widget-container\">\n\t\t\t\t\t\n\t\t\t\t\t<figure class=\"wpz-member-figure\">\n\t\t\t\t<img decoding=\"async\" width=\"857\" height=\"850\" src=\"https:\/\/www.caligari-entertainment.de\/wp-content\/uploads\/2025\/11\/BOA-Fotos-1-von-4.jpg\" class=\"elementor-animation-disable-animation attachment-large size-large wp-image-7331\" alt=\"\" srcset=\"https:\/\/www.caligari-entertainment.de\/wp-content\/uploads\/2025\/11\/BOA-Fotos-1-von-4.jpg 857w, https:\/\/www.caligari-entertainment.de\/wp-content\/uploads\/2025\/11\/BOA-Fotos-1-von-4-300x298.jpg 300w, https:\/\/www.caligari-entertainment.de\/wp-content\/uploads\/2025\/11\/BOA-Fotos-1-von-4-150x150.jpg 150w, https:\/\/www.caligari-entertainment.de\/wp-content\/uploads\/2025\/11\/BOA-Fotos-1-von-4-768x762.jpg 768w, https:\/\/www.caligari-entertainment.de\/wp-content\/uploads\/2025\/11\/BOA-Fotos-1-von-4-565x560.jpg 565w, https:\/\/www.caligari-entertainment.de\/wp-content\/uploads\/2025\/11\/BOA-Fotos-1-von-4-600x595.jpg 600w\" sizes=\"(max-width: 857px) 100vw, 857px\" \/>\t\t\t<\/figure>\n\t\t\n\t\t<div class=\"wpz-member-body\">\n\t\t\t<h2 class=\"wpz-member-name\">Friedrich Steinhardt<\/h2>\n\t\t\t\t\t\t\t<div class=\"wpz-member-position\">pRODUZENT<\/div>\n\t\t\t\n\t\t\t\n\t\t\t\n\t\t\t\t\t\t\t<div class=\"wpz-member-links\">\n\t\t\t\t\t<a target=\"_blank\" rel=\"noopener\" href=\"mailto:f.&#115;&#116;&#101;&#105;nha&#114;&#100;t&#064;&#099;&#097;li&#103;&#097;&#114;&#105;&#045;e&#110;tertai&#110;men&#116;.de\" class=\"elementor-repeater-item-bd2568a\"><i class=\"fa-envelope fab\" aria-hidden=\"true\"><\/i><\/a>\t\t\t\t<\/div>\n\t\t\t\n\t\t\t\t\t<\/div>\n\t\t\t\t\t\t<\/div>\n\t\t\t\t<\/div>\n\t\t\t\t\t<\/div>\n\t\t<\/div>\n\t\t\t\t\t<\/div>\n\t\t<\/section>\n\t\t\t\t<section class=\"elementor-section elementor-top-section elementor-element elementor-element-4ca5096e elementor-section-full_width elementor-section-height-default elementor-section-height-default\" data-id=\"4ca5096e\" data-element_type=\"section\" data-e-type=\"section\" data-settings=\"{&quot;background_background&quot;:&quot;classic&quot;}\">\n\t\t\t\t\t\t\t<div class=\"elementor-background-overlay\"><\/div>\n\t\t\t\t\t\t\t<div class=\"elementor-container elementor-column-gap-no\">\n\t\t\t\t\t<div class=\"elementor-column elementor-col-100 elementor-top-column elementor-element elementor-element-3aebf092\" data-id=\"3aebf092\" data-element_type=\"column\" data-e-type=\"column\">\n\t\t\t<div class=\"elementor-widget-wrap elementor-element-populated\">\n\t\t\t\t\t\t<section class=\"elementor-section elementor-inner-section elementor-element elementor-element-419b3816 elementor-section-boxed elementor-section-height-default elementor-section-height-default\" data-id=\"419b3816\" data-element_type=\"section\" data-e-type=\"section\">\n\t\t\t\t\t\t<div class=\"elementor-container elementor-column-gap-default\">\n\t\t\t\t\t<div class=\"elementor-column elementor-col-100 elementor-inner-column elementor-element elementor-element-47f8470\" data-id=\"47f8470\" data-element_type=\"column\" data-e-type=\"column\">\n\t\t\t<div class=\"elementor-widget-wrap\">\n\t\t\t\t\t\t\t<\/div>\n\t\t<\/div>\n\t\t\t\t\t<\/div>\n\t\t<\/section>\n\t\t\t\t\t<\/div>\n\t\t<\/div>\n\t\t\t\t\t<\/div>\n\t\t<\/section>\n\t\t\t\t<\/div>\n\t\t","protected":false},"excerpt":{"rendered":"<p>Caligari Entertainment GmbH Hochwertige Dokumentationen &amp; Factual Entertainment seit 1999 Die Caligari Entertainment GmbH wurde 1999 in K\u00f6ln als Tochterfirma der Caligari Film- und Fernsehproduktions GmbH von Gabriele M. Walther gegr\u00fcndet. Seither hat sich das Unternehmen als eine der f\u00fchrenden unabh\u00e4ngigen Produktionsfirmen im Bereich Dokumentationen und Factual Entertainment etabliert. Seit Gr\u00fcndung hat das Unternehmen mehr als 100 hochwertige Dokumentarfilme und Serien \u2013 vielfach preisgekr\u00f6nt produziert ; darunter Deutscher Fernsehpreis \u00a0 Grimme Preis Nominierung \u00a02005 und [&hellip;]<\/p>\n","protected":false},"author":1,"featured_media":0,"parent":0,"menu_order":0,"comment_status":"closed","ping_status":"closed","template":"page-templates\/full-width-transparent.php","meta":{"rs_blank_template":"","rs_page_bg_color":"","slide_template_v7":"","inspiro_page_layout":"narrow","inspiro_hide_title":false,"footnotes":""},"class_list":["post-4491","page","type-page","status-publish","hentry"],"_links":{"self":[{"href":"https:\/\/www.caligari-entertainment.de\/index.php?rest_route=\/wp\/v2\/pages\/4491","targetHints":{"allow":["GET"]}}],"collection":[{"href":"https:\/\/www.caligari-entertainment.de\/index.php?rest_route=\/wp\/v2\/pages"}],"about":[{"href":"https:\/\/www.caligari-entertainment.de\/index.php?rest_route=\/wp\/v2\/types\/page"}],"author":[{"embeddable":true,"href":"https:\/\/www.caligari-entertainment.de\/index.php?rest_route=\/wp\/v2\/users\/1"}],"replies":[{"embeddable":true,"href":"https:\/\/www.caligari-entertainment.de\/index.php?rest_route=%2Fwp%2Fv2%2Fcomments&post=4491"}],"version-history":[{"count":115,"href":"https:\/\/www.caligari-entertainment.de\/index.php?rest_route=\/wp\/v2\/pages\/4491\/revisions"}],"predecessor-version":[{"id":7406,"href":"https:\/\/www.caligari-entertainment.de\/index.php?rest_route=\/wp\/v2\/pages\/4491\/revisions\/7406"}],"wp:attachment":[{"href":"https:\/\/www.caligari-entertainment.de\/index.php?rest_route=%2Fwp%2Fv2%2Fmedia&parent=4491"}],"curies":[{"name":"wp","href":"https:\/\/api.w.org\/{rel}","templated":true}]}}